d by 35323?
617
Calculate the remainder when 82156805 is divided by 5886.
17
What is the remainder when 61717786 is divided by 23?
0
What is the remainder when 241273 is divided by 464?
457
What is the remainder when 220029 is divided by 36326?
2073
What is the remainder when 38946672 is divided by 38946637?
35
What is the remainder when 5804678 is divided by 9?
2
Calculate the remainder when 351661 is divided by 10341.
67
Calculate the remainder when 6348659 is divided by 297.
284
What is the remainder when 931364 is divided by 4716?
2312
What is the remainder when 4740053 is divided by 6630?
6233
Calculate the remainder when 200159273 is divided by 25.
23
What is the remainder when 271749 is divided by 2385?
2244
What is the remainder when 15669253 is divided by 242?
237
Calculate the remainder when 4044970 is divided by 1701.
1693
What is the remainder when 69589360 is divided by 6326303?
27
Calculate the remainder when 1373716 is divided by 27470.
216
What is the remainder when 9357455 is divided by 1532?
1531
What is the remainder when 4027695 is divided by 2013837?
21
What is the remainder when 123102246 is divided by 418?
410
What is the remainder when 4577 is divided by 1071?
293
What is the remainder when 18399257 is divided by 762?
5
What is the remainder when 408640849 is divided by 711?
709
What is the remainder when 9528157 is divided by 234?
145
Calculate the remainder when 222451 is divided by 935.
856
Calculate the remainder when 142026 is divided by 46842.
1500
Calculate the remainder when 6504641 is divided by 87.
86
Calculate the remainder when 3892164 is divided by 299397.
3
What is the remainder when 295838 is divided by 11378?
10
Calculate the remainder when 5938949 is divided by 4736.
5
What is the remainder when 47966 is divided by 2179?
28
Calculate the remainder when 82714 is divided by 10331.
66
Calculate the remainder when 180920623 is divided by 712.
711
What is the remainder when 561974 is divided by 1460?
1334
What is the remainder when 469775 is divided by 1689?
233
What is the remainder when 174215 is divided by 1704?
407
What is the remainder when 21222 is divided by 9947?
1328
What is the remainder when 1000870 is divided by 251?
133
Calculate the remainder when 84429262 is divided by 888.
886
Calculate the remainder when 439243 is divided by 134.
125
Calculate the remainder when 7914556 is divided by 52414.
42
Calculate the remainder when 38813 is divided by 17.
2
Calculate the remainder when 2184962 is divided by 312122.
108
What is the remainder when 23711815 is divided by 4742361?
10
What is the remainder when 26900156 is divided by 86?
44
What is the remainder when 199675 is divided by 1388?
1191
Calculate the remainder when 222849904 is divided by 4725.
4
Calculate the remainder when 89124005 is divided by 31.
28
Calculate the remainder when 377315 is divided by 16200.
4715
Calculate the remainder when 1432147 is divided by 53040.
67
What is the remainder when 647652 is divided by 1319?
23
What is the remainder when 225857 is divided by 1241?
1236
What is the remainder when 12189207 is divided by 83?
76
What is the remainder when 532622 is divided by 532583?
39
Calculate the remainder when 14492334 is divided by 14492318.
16
What is the remainder when 148702 is divided by 1584?
1390
Calculate the remainder when 887244 is divided by 134.
30
What is the remainder when 342141 is divided by 1032?
549
Calculate the remainder when 9156256 is divided by 654017.
18
What is the remainder when 965253 is divided by 64349?
18
What is the remainder when 825263999 is divided by 4689?
4688
Calculate the remainder when 2675213 is divided by 40.
13
Calculate the remainder when 5387634 is divided by 336.
210
Calculate the remainder when 3170152 is divided by 20192.
8
What is the remainder when 29257964 is divided by 37?
29
What is the remainder when 10853 is divided by 10165?
688
Calculate the remainder when 114978 is divided by 4997.
47
What is the remainder when 1026148 is divided by 75?
73
What is the remainder when 13669 is divided by 279?
277
What is the remainder when 2691437 is divided by 2690705?
732
What is the remainder when 84847284 is divided by 24?
12
What is the remainder when 122482 is divided by 38?
8
Calculate the remainder when 257914 is divided by 327.
238
Calculate the remainder when 23642 is divided by 725.
442
Calculate the remainder when 1353401 is divided by 103.
84
What is the remainder when 438194 is divided by 9995?
8409
What is the remainder when 146404 is divided by 722?
560
Calculate the remainder when 43783 is divided by 575.
83
What is the remainder when 1462868 is divided by 65?
43
What is the remainder when 5684701 is divided by 6093?
6025
Calculate the remainder when 9709046 is divided by 7400.
246
What is the remainder when 677616 is divided by 3965?
3566
What is the remainder when 112826764 is divided by 16118108?
8
What is the remainder when 32753 is divided by 174?
41
Calculate the remainder when 2709302 is divided by 2402.
2248
What is the remainder when 391662 is divided by 20?
2
Calculate the remainder when 2908517 is divided by 6047.
5957
What is the remainder when 21506168 is divided by 7168706?
50
What is the remainder when 130272943 is divided by 394?
389
Calculate the remainder when 1978706 is divided by 176.
114
Calculate the remainder when 44325 is divided by 8624.
1205
Calculate the remainder when 728981 is divided by 77.
22
Calculate the remainder when 23143 is divided by 21101.
2042
What is the remainder when 122780956 is divided by 123027?
10
What is the remainder when 794900250 is divided by 11699?
11695
Calculate the remainder when 569869 is divided by 24.
13
Calculate the remainder when 9825 is divided by 1601.
219
What is the remainder when 12241983 is divided by 39?
0
Calculate the remainder when 11907 is divided by 1008.
819
What is the remainder when 477516 is divided by 1294?
30
What is the remainder when 1801031 is divided by 81864?
23
Calculate the remainder when 1515828 is divided by 378936.
84
What is the remainder when 136164342 is divided by 209?
6
Calculate the remainder when 196616700 is divided by 429.
423
What is the remainder when 2735782 is divided by 19?
10
What is the remainder when 12522443 is divided by 72384?
11
What is the remainder when 96485559 is divided by 43?
9
What is the remainder when 187178508 is divided by 26?
10
What is the remainder when 3298383 is divided by 1595?
1518
What is the remainder when 71191 is divided by 18?
1
Calculate the remainder when 608732 is divided by 321.
116
What is the remainder when 303142 is divided by 1727?
917
Calculate the remainder when 1457252 is divided by 109.
31
What is the remainder when 295165 is divided by 21082?
17
Calculate the remainder when 1486283 is divided by 752.
331
Calculate the remainder when 28346 is divided by 1769.
42
Calculate the remainder when 2925879 is divided by 584994.
909
What is the remainder when 1776704 is divided by 3464?
3136
Calculate the remainder when 536971 is divided by 169.
58
Calculate the remainder when 218896 is divided by 71764.
3604
What is the remainder when 44560274 is divided by 109?
93
What is the remainder when 20946 is divided by 242?
134
Calculate the remainder when 205522492 is divided by 2454.
2446
What is the remainder when 3809765 is divided by 872?
869
What is the remainder when 4000455 is divided by 1333319?
498
Calculate the remainder when 29075717 is divided by 1170.
47
Calculate the remainder when 197392 is divided by 98562.
268
What is the remainder when 9149514 is divided by 67?
61
What is the remainder when 3843115 is divided by 67?
62
What is the remainder when 66350 is divided by 4694?
634
What is the remainder when 179651 is divided by 1286?
897
What is the remainder when 185082 is divided by 92535?
12
Calculate the remainder when 308581 is divided by 102772.
265
What is the remainder when 160086 is divided by 3517?
1821
What is the remainder when 1964818 is divided by 10552?
2146
What is the remainder when 6103310 is divided by 60?
50
What is the remainder when 9313187 is divided by 10123?
27
Calculate the remainder when 1687879 is divided by 841.
833
What is the remainder when 2265882 is divided by 17?
3
Calculate the remainder wh